the units digit of (5 - (u + 66))*-1?
1
Let s(r) = r**2 - 2*r + 31. Let o be ((0/(-3))/4)/1. What is the units digit of s(o)?
1
What is the units digit of (-35)/14*(-8112)/8?
5
Suppose 8*n = l + 7*n - 632, -2*n = -4*l + 2530. What is the tens digit of l?
3
Suppose -5*k = -3*k - 10. Suppose 0 = -k*v - 0*v + 10. What is the tens digit of v/(-3 - 129/(-42))?
2
Suppose -1561 + 9393 = 4*z - 2*c, 0 = -z + c + 1958. What is the hundreds digit of z?
9
Let p = 4069 - -956. What is the tens digit of p?
2
Suppose 3 + 9 = 4*y. Suppose 2*i - 42 = 2*t, -7*t + 4*t = y*i - 45. Suppose -q - p - 3*p = 14, 3*p = 3*q - i. What is the units digit of q?
2
Suppose -2*u = 10 - 2, -2*u = -z + 247. What is the units digit of z?
9
Let u be (-3 - 19)/((-3)/((-3)/(-1))). What is the units digit of (-4)/u + (-4249)/(-77)?
5
Let c(w) = -2011*w + 150. What is the units digit of c(-2)?
2
Suppose -5*u + 3*u + 35 = -3*w, w + 41 = 2*u. Suppose 69 = u*a - 21*a. What is the units digit of a?
9
Let k(c) = -c**3 - 6*c**2 - 4*c - 25. What is the hundreds digit of k(-10)?
4
Let f = 4549 + 288. What is the units digit of f?
7
Let s be -4*(-12)/(-9)*558/(-4). What is the tens digit of (0 + s/(-40))/((-1)/5)?
9
Let z = 20 + -16. Suppose z*l = 31 - 7. What is the tens digit of (-102)/4*(-4)/l?
1
Suppose m - 4*k + 3 = 0, -m = 4*k + 1 + 2. What is the units digit of (-22 - 0)/(2/m)?
3
Suppose 53*h - 19092 = 41*h. What is the tens digit of h?
9
Suppose 4*d = 2*l + 24, -2*l + 21 = 3*d - 5*l. Suppose 0 = -5*p - d*g - 0*g - 90, -4*g + 63 = -5*p. What is the units digit of (-6)/p + (-66)/(-10)?
7
Let w = -15 + 7. Let v be -1 + w/(-4) + 3. Let o = 9 - v. What is the units digit of o?
5
Let t(o) = o**3 - o**2 + o + 212. Suppose 4*q - 7*k - 3 = -4*k, k = -3*q - 1. What is the tens digit of t(q)?
1
Suppose 3*i - o = 18, 0*i - 3*i = -3*o - 24. Suppose 140 = i*v + k, 3*v - 2*v + 2*k - 37 = 0. What is the tens digit of v?
2
Suppose 135*t - 20368 = 127*t. What is the units digit of t?
6
Let l(d) be the third derivative of -d**6/120 + 7*d**4/24 - d**3/2 - 6*d**2. Let v be l(3). Let s(z) = -z**2 - 11*z + 12. What is the units digit of s(v)?
0
Let s = 19 - 20. What is the units digit of 2 + (-76)/(2/s)?
0
Let h(p) = -2*p + 39. Let z(c) = c - 19. Let s(o) = -2*h(o) - 5*z(o). What is the units digit of s(8)?
9
Suppose 2 = 3*h + 32. What is the tens digit of ((-6)/h)/(8/440)?
3
Suppose 0 = 971*t - 973*t + 608. What is the tens digit of t?
0
Let b(z) = z. Let x(h) = 5*h**2 - 4*h + 1. Let k(f) = 2*b(f) + x(f). Let i be k(1). Suppose 80 = -0*g + i*g. What is the units digit of g?
0
Let v = -44 + 49. Suppose -392 = k - v*k. What is the units digit of k?
8
Let v(q) = 4*q - 1. Let k(j) = -4 + 6*j + 6*j + 5*j + 0*j. Let b(a) = 6*k(a) - 26*v(a). What is the units digit of b(-5)?
2
Let w = 4663 - 1688. What is the units digit of w?
5
Suppose -4*m = -5*w - 56 - 120, 4*w - 2*m = -142. What is the units digit of (16/(-18))/4 - 260/w?
7
Let y = -6 - -5. Let w(k) = 12*k + 1. Let b be w(y). Let g = -10 - b. What is the units digit of g?
1
Suppose -3*c + 32 = -n - 38, -c = 4*n - 45. What is the units digit of c?
5
Let a be ((-2)/2 + 1)*(2 - 3). Suppose 0 = -a*n + 3*n - 165. What is the units digit of n?
5
Let v(s) = -222*s - 223. What is the units digit of v(-7)?
1
Suppose 6*w + 37 = 127. Suppose 90 = -w*j + 20*j. What is the tens digit of j?
1
Let z be (-7)/((-14)/(-4)) - -387. Suppose -u = -2*r + z, 214 = 4*r + 4*u - 538. What is the hundreds digit of r?
1
Let w = -121 - -185. What is the tens digit of w?
6
Suppose 0 = -0*u - u - 2*z + 450, 3*u - z = 1385. Suppose 4*p + p + 5*j = u, 2*p + 5*j - 190 = 0. What is the units digit of p?
0
Let x(z) = -32*z - 1. Let i = 24 - 26. What is the tens digit of x(i)?
6
Let z(v) = -17*v**3 + v**2 - v - 6. What is the units digit of z(-3)?
5
Let t(y) = -5*y + 11 - 6 + 5 + 2*y. Suppose 12 = 4*m + 40. What is the units digit of t(m)?
1
Let j be -2*2 - 3 - -2. Let o = -6 - -15. Let g = o + j. What is the units digit of g?
4
Suppose -4*b + 6 = -2, b + 130 = -3*z. Let f = z - -105. What is the tens digit of f?
6
Let w = 129 + -66. Let z = -35 + w. What is the units digit of z?
8
Let d(u) = u**2 - 5*u + 15. Let k be d(6). Let x = -10 + k. What is the units digit of x?
1
Suppose -4*o + o + 351 = 0. Suppose 72*n - 69*n - o = 0. What is the tens digit of n?
3
Suppose 4*u + 51 = -3*i - 129, -5*i - 2*u = 300. Let f = 85 + i. What is the tens digit of f?
2
Let l = 3 + 7. Suppose 4*w + 708 = l*w. What is the tens digit of w?
1
Let o(i) = 3 - 6*i - 13 - 6*i - 8 + 15*i**2 - i**3. What is the units digit of o(14)?
0
Suppose -28*c = 16*c - 61336. What is the thousands digit of c?
1
Let h(b) = 21*b**3 - 8*b + 46. What is the thousands digit of h(4)?
1
Suppose 0 = -40*d + 15270 + 10290. What is the hundreds digit of d?
6
Suppose -2*n - 23 + 7 = 0. Let j be (36/(-7))/3*455/(-26). Let m = n + j. What is the tens digit of m?
2
Let f = -228 - -231. Let d(p) be the first derivative of p**3/3 + 3*p**2/2 + 4*p + 2. What is the tens digit of d(f)?
2
Let q(n) = -n - 4 + 3*n + 7*n**2 + 3*n + n**3. Let c be q(-4). Suppose d + 2*j - 11 = 0, -20 = -3*d + 5*j + c. What is the tens digit of d?
1
Let a be 115/20 + (-3)/4. Let g = 18 + a. What is the units digit of g?
3
Let v = 40 - 41. What is the tens digit of 66/(1 - (0 + v))?
3
Let z(v) = -v**2 + 9*v + 3. Let b be (0 - -1) + -1 + 2. Suppose -4*p - k = -32, 3*p - 24 = -3*k - b*k. What is the units digit of z(p)?
1
Let z be (-4)/5*(7 + -4 - 13). Suppose 5240 = 12*x + z*x. What is the hundreds digit of x?
2
What is the tens digit of (-17)/((-204)/5096)*3?
7
Let d be ((-12)/9)/(1/(-36)). Let r be (15 - 3)*(-22)/(-44). Suppose -r*x = -5*x - d. What is the units digit of x?
8
Let y(p) = -9*p**2 + 16*p - 5*p**3 + 13*p - 7 + 7*p**2 + 4*p**3. What is the hundreds digit of y(-9)?
2
Let o(l) = -l**3 + 8*l**2 + l - 3. Let p(g) = -3*g**3 - 3*g**2 + 3*g + 1. Let z be p(-2). What is the units digit of o(z)?
3
Suppose 0 = 5*w - 0*w - 6440. Suppose -8*i - w = -16*i. What is the tens digit of i?
6
Suppose -4*k + 3086 = i, 5*i + 1266 = 2*k - 266. What is the hundreds digit of k?
7
Suppose -10 + 6 = -2*y. Suppose y*c = 4*c - 106. What is the tens digit of c?
5
Let a(j) = 3*j + 22. Let p be a(-7). Let x be (-666)/(-108) + p/(-6). What is the units digit of (-3 + x)/(9/228)?
6
What is the tens digit of (-4 - -3)/1 - 4518/(-6)?
5
Suppose -16 = -7*q + 3*q. Suppose -q*h + 27 = -13. What is the tens digit of h?
1
Let w(a) = -8 - 14*a + 3*a - 21*a. What is the tens digit of w(-2)?
5
Let h(v) = -v**2 + 29*v + 142. What is the tens digit of h(32)?
4
Suppose -3*d + 30 - 15 = 0. Suppose d*l + 345 = 930. What is the units digit of l?
7
Let o(s) = 2*s**2 + 10*s**3 + 11 - s**2 - 11*s**3. Let a be 0*4/(-16)*-1. What is the units digit of o(a)?
1
Suppose -3*x - 5*s + 119 = 0, 4*x - s - 101 = 2*x. Suppose 4*c + 7 + 14 = 3*g, -3*c - 12 = -g. Suppose 0 = -g*u - 0*u + x. What is the units digit of u?
6
Let b = 33 - 30. Suppose 2*q = 4*w - 270, 0 = -2*q + 3*q - b. What is the tens digit of w?
6
Let i = -153 - -709. What is the hundreds digit of -2*(-3 - i/8)?
1
Suppose 3*h + 3 = -0*h, 0 = -5*p + 2*h - 383. Let f = -50 - p. What is the tens digit of f?
2
Let m = -404 - -234. Let p = 295 + m. Suppose 0 = 6*u - u - p. What is the units digit of u?
5
Let h(v) = 7*v**2 - 14*v - 14. Let y(r) = 20*r**2 - 41*r - 41. Let x = -6 - 11. Let k(f) = x*h(f) + 6*y(f). What is the units digit of k(13)?
7
Suppose 5*y + 927 = 4*s, 236 = 3*s + 3*y - 439. Suppose -4*i + 32 = -s. What is the tens digit of i?
6
Let r be -1*(-3 - (0 + 1)). Let v = r - 1. Suppose 4*o = -5*p - v, 5*p - 1 = -3*o - 2. What is the units digit of p?
1
Suppose -13 = -f + 20. Let d = f + -29. What is the units digit of d?
4
Suppose -42 = -f + n + 250, 0 = -2*n + 8. What is the hundreds digit of f?
2
Suppose 62*c - 57*c - 4620 = 0. What is the hundreds digit of c?
9
Suppose 1569 = 12*d - 2739. What is the hundreds digit of d?
3
Let w(o) be the second derivative of -o**3 + o**2 + 15*o. What is the tens digit of w(-4)?
2
What is the tens digit of (-1)/(-1 - (-2654)/2656)?
2
Suppose 30*j = 76737 + 87753. What is the tens digit of j?
8
Let i be (3/6*-4)/((-2)/127). Let s = -69 + i. What is the tens digit of s?
5
Let j(w) = -249 + 200 - w + 40*w + 3*w**2 - 4